late the remainder when 11 is divided by j(r).
5
Let b = 93 + 16. Suppose -k - k = -56. What is the remainder when b is divided by k?
25
Suppose 5*i = 186 + 39. What is the remainder when i - (-1 - 2) - 0 is divided by 17?
14
Let c(l) = -2*l + 5. Suppose 0*i = -5*i + 215. Calculate the remainder when i is divided by c(-3).
10
Suppose -2*f - 4*u = -110, 3*u = -2*f + 2*u + 95. Suppose -11 - 21 = -2*y. Calculate the remainder when f is divided by y.
13
What is the remainder when 89 is divided by 78/(-4)*4/(-6)?
11
Let m = 7 + 41. Suppose -4*j + 248 = 4*h, -5*h - 173 - m = -4*j. What is the remainder when j is divided by 15?
14
Suppose 1 = -h - 1. Suppose 2*o - 3*n + 24 = 0, -3*o + 3*n - 19 = 11. Calculate the remainder when (99/o)/3*h is divided by 6.
5
Suppose 3*m - 63 = -18. Calculate the remainder when 26 is divided by m.
11
Suppose -3*q = -a + 10, 0*q - 61 = -4*a + 5*q. Calculate the remainder when a is divided by 66/10 - 4/(-10).
5
Suppose 0 = -5*c + n + 23, -2*c + 5*n = -0*n - 23. Calculate the remainder when 7 is divided by c.
3
Suppose -u + 2*u = 0. Suppose -6*a = -u*a - 180. What is the remainder when a is divided by 11?
8
Let a be 2 - (1 - 4/2). Let r be 6/a*1 - 0. Suppose 0*z + r*z = 26. What is the remainder when z is divided by 7?
6
Let w(y) = 38*y**2 + y + 1. Calculate the remainder when w(-2) is divided by 14.
11
Let x be (-259)/(-2)*(-9 + 11). What is the remainder when 46 is divided by (-2)/6 + x/21?
10
Suppose 51 = k + 4*k - m, 0 = 3*k - 5*m - 35. Suppose -5*a + 24 = -p, 3*p = a + 3*a - 28. What is the remainder when k is divided by a?
2
Let k(l) = -l**2 - 10*l - 6. Let c be k(-10). Let x = c - -9. What is the remainder when x is divided by 2?
1
Let x be -94*(-3)/(9 - 3). Suppose x - 13 = 2*g. Calculate the remainder when 49 is divided by g.
15
Let q(b) = b**2 - b + 7. Calculate the remainder when q(-5) is divided by -3 + (3 + -1)*8.
11
Suppose 8 = d + 5. Let h(p) = 7*p + 1. Let q = 1 - 0. Calculate the remainder when h(q) is divided by d.
2
Let h(q) = -q**2 + 10*q + 41. Calculate the remainder when 80 is divided by h(12).
12
Let f = 1 - -11. Calculate the remainder when f is divided by 7.
5
Let p be 3/2*(-10)/(-3). Suppose -2*b + 12 = -2*c + 2*b, -17 = p*c + 3*b. Let f = c - -6. Calculate the remainder when f is divided by 2.
0
Suppose -4 = u, -2*l + 3*u = l - 57. What is the remainder when 44 is divided by l?
14
Let d(p) = -p**2 + 8*p - 9. Let c be d(6). Suppose 3*y + y - 5 = c*v, 2*y = 10. What is the remainder when 8 is divided by v?
3
Let v = -44 + 63. Suppose -2*u - 3*j + v = 0, -u + 4*j - 2*j - 1 = 0. Suppose u*g - 27 = 28. What is the remainder when 20 is divided by g?
9
Let n = -8 - -8. Suppose 24 = -n*g + g. Let o = -15 - -28. Calculate the remainder when g is divided by o.
11
Suppose 3*b + 2*b = 0. Suppose 2*k - 3*y - 48 = -3*k, b = -3*k + y + 32. What is the remainder when k is divided by 5?
2
Let q(r) = 2*r + 2. Let a(p) = 9*p**2 + 6*p + 1. What is the remainder when a(-2) is divided by q(6)?
11
Let z = -233 + 246. What is the remainder when (-4)/2 + 1 + 25 is divided by z?
11
Let c(u) = 2*u + 57. What is the remainder when c(0) is divided by 20?
17
Let i = -94 + 164. What is the remainder when i is divided by 24?
22
Let j = 84 - 82. Calculate the remainder when 4 is divided by j.
0
Let l(b) = b**2 + 3*b + 5. Let x be l(-4). Let n(h) = -5*h - 3*h + 0*h + 14 + h**2 - 7. Calculate the remainder when n(x) is divided by 6.
4
Let t be 76/12 + 2/(-6). Suppose -t*y = -4*y + 110. Let m = -28 - y. Calculate the remainder when m is divided by 10.
7
Let c = -2 - -4. Suppose -p = c*p - 39. Suppose -45*r - 245 = -50*r. What is the remainder when r is divided by p?
10
Let j = -3 + -7. What is the remainder when (-12)/30 - 294/j is divided by 10?
9
Calculate the remainder when 38 is divided by (0 + -1)/((-5)/70).
10
Suppose 0 = -s + 2*b + 21, 0 = 5*s - 0*s - 4*b - 105. What is the remainder when 39 is divided by s?
18
Let r be (-382)/(-14) + 2/(-7). Suppose -12 = -3*x, r = z + 3*x + 8. What is the remainder when (-6)/(1/(1 - z)) is divided by 19?
17
Suppose 4*r - 21 = -5. Suppose w + 3*z = 6, -r = -w - 5*z - 0. Suppose 0 = -i + w + 8. Calculate the remainder when i is divided by 6.
5
Suppose 2*g - 7 = 13. Let i = -60 - -29. Let v = -12 - i. Calculate the remainder when v is divided by g.
9
Let l(u) = -u + 12. Calculate the remainder when l(0) is divided by 8.
4
Suppose x - 5 = -0*x. Let q be (x/(-4))/(1/(-4)). Suppose 0 = p - q - 11. Calculate the remainder when p is divided by 6.
4
Let t = 40 + -13. Suppose 27 = k - 51. What is the remainder when k is divided by t?
24
Let r(j) = 3*j**2 + 6*j - 8. Let b be r(6). Suppose a + b = 5*a. What is the remainder when a is divided by 12?
10
Suppose 5*i + 4*c - 55 = 0, 4*i - c + 2*c - 33 = 0. What is the remainder when (-52)/39 - 122/(-6) is divided by i?
5
Suppose 0 = -4*n - n. Suppose n = 4*v - 114 - 50. Let z = 86 + -75. Calculate the remainder when v is divided by z.
8
Suppose -3*z = -3*a + 6*a - 78, -2*z = -5*a + 102. Let v = -2 + a. Calculate the remainder when 37 is divided by v.
17
Suppose -4*d = -0*d + 12. Calculate the remainder when 1 - d/3 - -8 is divided by 3.
1
Suppose -4*r + 3*r + 5*u = 7, 0 = 5*u - 20. Let o = -9 + r. Calculate the remainder when o is divided by ((-78)/(-52))/((-1)/(-2)).
1
Let c = 22 - 20. What is the remainder when 7 is divided by c?
1
Let n be (0 - 3)*57/(-9). What is the remainder when 61 is divided by n + (-1)/(3/(-6))?
19
Suppose t = 3*t + 3*f - 15, 0 = -5*t + 5*f. Suppose t*q - 5*q = -8. Calculate the remainder when 6 is divided by q.
2
Let i be (-6)/(-2) + (-8 - -12). Let s = -1 + i. Calculate the remainder when 23 is divided by s.
5
Let j(n) = n**2 - 10*n - 2. Let z be (18/(-8))/((-2)/8). Suppose -w + 2*g = g - 1, -w = g - z. What is the remainder when j(11) is divided by w?
4
Let n be 4/5*(-15)/(-6). Suppose 4 + n = 3*i. Suppose -i*t + 4 = -4. What is the remainder when 11 is divided by t?
3
Let a(f) = -f**2 - 4*f + 3. Let n(g) = -g**2 - 45*g - 75. Calculate the remainder when n(-43) is divided by a(-4).
2
Let k be (2 - (6 + -3))*-3. Suppose -2*q = -q - k. Calculate the remainder when 27 is divided by ((1 - q) + 0)*-7.
13
Suppose 2*t = 6 + 22. Let p(v) = -v**3 - 5*v**2 - 2*v - 1. Let i be p(-4). Let c = i + t. Calculate the remainder when 13 is divided by c.
3
Let w be 0 + (-2)/(-1) - -2. Let i be (-2)/w*0 - -5. Suppose -v - 6 = 2*s - 5*s, 0 = -3*s + i*v - 6. What is the remainder when 8 is divided by s?
2
Let y = -9 - -12. Suppose 0 = -5*g + 8*g - y. Suppose 3*f + 1 = -5*s - 3, 4*s + f = 1. What is the remainder when g is divided by s?
0
Suppose -3*o + 5 = -4. Calculate the remainder when o is divided by 3.
0
Let v = -10 + 26. What is the remainder when 30 is divided by v?
14
Suppose 4*p + 30 = 5*p. Suppose 0*h = 2*r - 4*h - p, r - 19 = -2*h. Suppose -92 = -2*t + 8. Calculate the remainder when t is divided by r.
16
Suppose -q - 62 = -2*q. Let r = q + -8. What is the remainder when r is divided by 14?
12
Let s = -39 - -48. Calculate the remainder when s is divided by 6.
3
Let l = 58 + -29. Let c(d) = d**3 + 7*d**2 - d - 3. Let q be c(-7). What is the remainder when l is divided by -1*q*5/(-2)?
9
Let g(s) = -4*s - 1. Let c = 2 + -4. What is the remainder when 18 is divided by g(c)?
4
Suppose s + 10 = 5*d, -4*s = -7*s + 5*d. Suppose h + h + 3*y = 30, s*y = -h + 8. Suppose 3*r = 6*r - 30. What is the remainder when h is divided by r?
8
Suppose 6*j - 15 = 3*j. Suppose -b + 18 - j = 4*w, -3*b + 5*w + 22 = 0. What is the remainder when 26 is divided by b?
8
Let t = -122 - -244. Suppose -370 = -4*j + t. Let s = j + -80. What is the remainder when s is divided by 22?
21
Suppose 2*z + z = -6, 325 = 5*l - 5*z. Calculate the remainder when l is divided by 16.
15
Suppose -5*z + 2*d = 3 + 16, 4*d = -4*z - 4. Let a = 5 - z. What is the remainder when 30 is divided by a?
6
Suppose -72 = -9*f + f. What is the remainder when f is divided by 2?
1
Calculate the remainder when 41 is divided by (22/5)/((-9)/5 - -2).
19
Let d(j) = 7*j + 5. What is the remainder when 91 is divided by d(2)?
15
Suppose 0 = -6*r + 4*r + 4. Suppose 0 = r*a - 3 - 23. Calculate the remainder when a is divided by 8.
5
Suppose 5*y = 29 + 31. Calculate the remainder when 22 is divided by y.